c (base 15) in base 13?
b24a
What is 326 (base 14) in base 16?
26e
Convert -65a9 (base 13) to base 15.
-42e6
-105321 (base 6) to base 2
-10001100010001
Convert -885 (base 11) to base 15.
-4ab
What is -8c1b (base 16) in base 6?
-434015
4034 (base 5) to base 11
432
-4030 (base 6) to base 8
-1562
-347 (base 10) to base 2
-101011011
Convert 103a (base 14) to base 3.
10211120
What is -1793 (base 10) in base 9?
-2412
-2020220010 (base 3) to base 6
-541303
-2029 (base 15) to base 8
-15205
Convert 24588 (base 9) to base 2.
100000010001011
Convert -512 (base 9) to base 15.
-1cb
24161 (base 7) to base 14
23d8
-51060 (base 7) to base 12
-7206
Convert -5ce (base 16) to base 12.
-a3a
-816 (base 10) to base 7
-2244
Convert 52f (base 16) to base 13.
7b1
2543 (base 7) to base 14
4ca
1341303 (base 5) to base 16
6c37
What is 1c2 (base 13) in base 12?
233
-112343 (base 5) to base 4
-1000002
4481 (base 13) to base 3
111010102
10002020212 (base 3) to base 16
ed14
Convert -3b5 (base 14) to base 16.
-2eb
What is -1322330 (base 4) in base 9?
-11712
c50 (base 14) to base 11
1902
Convert -2102121 (base 3) to base 13.
-a63
Convert 31121 (base 4) to base 14.
453
Convert -206 (base 8) to base 13.
-a4
Convert -1101101110010 (base 2) to base 3.
-100122020
What is -431311 (base 5) in base 4?
-3203311
Convert -112210 (base 3) to base 8.
-617
What is 32333 (base 4) in base 9?
1275
What is 742 (base 13) in base 4?
103111
What is -2300330 (base 4) in base 13?
-5201
What is -9 (base 10) in base 4?
-21
Convert -1001110100101 (base 2) to base 10.
-5029
Convert -66d (base 14) to base 16.
-4f9
Convert -15132 (base 6) to base 9.
-3302
What is 11011011101110 (base 2) in base 12?
817a
-38836 (base 10) to base 5
-2220321
3647 (base 10) to base 2
111000111111
What is 156b (base 15) in base 5?
121401
What is -2290 (base 15) in base 3?
-101001200
-2a9 (base 12) to base 8
-641
Convert -3b90 (base 14) to base 3.
-112102102
-2003 (base 5) to base 3
-100101
What is 41065 (base 8) in base 6?
210245
Convert -4302424 (base 5) to base 6.
-1314235
What is 88a (base 13) in base 5?
21331
Convert -33665 (base 7) to base 11.
-6494
2a5 (base 16) to base 7
1655
97 (base 12) to base 14
83
What is 20187 (base 9) in base 11?
9a85
What is 310a (base 12) in base 15?
18ad
-f531 (base 16) to base 7
-351000
-20578 (base 11) to base 9
-45102
What is 302 (base 10) in base 5?
2202
Convert 100110100101111 (base 2) to base 3.
1000002211
What is -fbc (base 16) in base 9?
-5465
Convert 426 (base 10) to base 15.
1d6
What is -292b (base 12) in base 2?
-1001010110011
-10028 (base 9) to base 13
-2cc9
What is 3480 (base 9) in base 2?
101000010111
What is -12111 (base 4) in base 7?
-1116
-cd4 (base 15) to base 16
-b53
-51528 (base 9) to base 15
-a0e5
253 (base 9) to base 11
181
Convert 3113130 (base 4) to base 3.
200220200
Convert -61 (base 16) to base 8.
-141
Convert 138 (base 15) to base 7.
545
What is a75 (base 15) in base 7?
6611
Convert -207 (base 10) to base 6.
-543
What is 26e0 (base 15) in base 16?
2076
What is -101000100111 (base 2) in base 12?
-1607
What is 134554 (base 6) in base 8?
30706
-59c (base 13) to base 7
-2561
-1558a (base 11) to base 6
-245503
3240022 (base 5) to base 4
31211111
Convert 1120010201 (base 3) to base 11.
21096
Convert 3220101 (base 4) to base 12.
8729
What is 33502 (base 6) in base 14?
1a10
What is -2352 (base 10) in base 11?
-1849
What is 14868 (base 12) in base 2?
111000011010000
-2757 (base 15) to base 13
-3a99
What is 16e (base 15) in base 3?
110012
Convert -34f4 (base 16) to base 7.
-54344
Convert -14c (base 13) to base 11.
-1a2
-2222021 (base 3) to base 2
-100001110111
Convert 5352 (base 8) to base 13.
136c
What is 20601 (base 7) in base 11?
3914
Convert 2001 (base 8) to base 2.
10000000001
-40554 (base 6) to base 3
-21101221
1147 (base 9) to base 10
853
Convert 5386 (base 15) to base 11.
1230a
Convert 2b (base 16) to base 4.
223
-4317 (base 14) to base 11
-8782
Convert -102010111 (base 3) to base 8.
-17661
Convert -45572 (base 9) to base 3.
-1112122102
What is -12 (base 11) in base 8?
-15
1224 (base 15) to base 2
111100010011
-2242 (base 12) to base 4
-323102
Convert cd4 (base 14) to base 7.
10254
Convert -2117 (base 8) to base 7.
-3134
What is -d5ee (base 16) in base 6?
-1101314
What is 5aba (base 12) in base 6?
115154
What is 215310 (base 6) in base 12?
a536
1202100 (base 3) to base 7
3504
Convert -2021202011 (base 3) to base 9.
-67664
What is -32 (base 12) in base 7?
-53
Convert -10032 (base 6) to base 13.
-7a3
What is -56c (base 14) in base 11?
-899
Convert -3235 (base 6) to base 11.
-616
-202200001 (base 3) to base 12
-8877
Convert 34245 (base 9) to base 5.
1212202
-f166 (base 16) to base 4
-33011212
Convert 1001033 (base 5) to base 6.
201000
Convert 1004004 (base 5) to base 8.
37401
-cda9 (base 16) to base 13
-1ac6c
What is -11a0c (base 13) in base 10?
-32460
What is -1314213 (base 5) in base 4?
-12121013
-101001112 (base 3) to base 8
-16243
-9946 (base 11) to base 9
-18885
-166 (base 13) to base 3
-100101
What is -103 (base 12) in base 16?
-93
Convert 34 (base 16) to base 10.
52
279 (base 14) to base 9
614
What is -43ae (base 16) in base 15?
-5201
What is 4221 (base 5) in base 9?
683
-112c (base 16) to base 14
-1860
-10322 (base 4) to base 14
-186
-1fd (base 16) to base 8
-775
What is 11111101 (base 2) in base 13?
166
What is 386 (base 13) in base 2?
1001101001
62 (base 16) to base 7
200
Convert -988 (base 13) to base 9.
-2214
What is -1001221 (base 3) in base 2?
-1100001101
-4002 (base 7) to base 10
-1374
12a (base 16) to base 4
10222
Convert 39c3 (base 13) to base 7.
33054
1401 (base 11) to base 3
2111021
What is -237 (base 9) in base 13?
-121
1562 (base 12) to base 16
9da
-1011110100 (base 2) to base 16
-2f4
Convert 521045 (base 6) to base 2.
1010001011110101
Convert -2a2 (base 13) to base 7.
-1241
Convert 11100001011 (base 2) to base 13.
a89
Convert 10410 (base 5) to base 4.
23122
Convert 367 (base 13) to base 2.
1001010000
Convert -37db (base 14) to base 4.
-2121011
What is 325145 (base 6) in base 14?
9c13
What is -12010 (base 3) in base 9?
-163
Convert -2201232 (base 4) to base 5.
-312400
What is 174 (base 8) in base 7?
235
Convert 3555 (base 7) to base 14.
69c
-517 (base 11) to base 7
-1550
What is 1415 (base 8) in base 13?
481
-16016 (base 9) to base 15
-33a0
What is -526 (base 14) in base 4?
-33312
What is 1303 (base 6) in base 15?
16c
What is 1a3 (base 11) in base 5?
1414
Convert 23222 (base 6) to base 14.
12d8
Convert 2901 (base 10) to base 12.
1819
What is 310010 (base 4) in base 5?
101312
Convert -10101100101 (base 2) to base 8.
-2545
What is 2210332 (base 4) in base 9?
15431
What is -216d (base 16) in base 12?
-4b51
-204131 (base 5) to base 13
-3125
-52 (base 12) to base 2
-111110
Convert 1188 (base 10) to base 5.
14223
6462 (base 7) to base 10
2298
Convert -220 (base 15) to base 6.
-2120
Convert -205255 (base 6) to base 15.
-4e5e
Convert -125438 (base 9) to base 15.
-17885
Convert -12122 (base 6) to base 13.
-a6a
What is 3381 (base 9) in base 8?
4707
-11011 (base 8) to base 14
-197b
-4133 (base 7) to base 5
-21240
-662 (base 8) to base 9
-532
What is 110201 (base 3) in base 12?
247
What is 16762 (base 10) in base 16?
417a
What is 83461 (base 9) in base 3?
2210112001
13985 (base 10) to base 16
36a1
Convert -102020012 (base 3) to base 13.
-3959
15640 (base 8) to base 3
100200221
What is -2055 (base 6) in base 8?
-723
-14481 (base 10) to base 5
-430411
What is -133 (base 12) in base 7?
-351
Convert -22f (base 16) to base 2.
-1000101111
-22111 (base 6) to base 12
-1937
What is -505 (base 9) in base 6?
-1522
What is 347 (base 14) in base 7?
1620
What is 1001110100 (base 2) in base 7?
1555
11236 (base 7) to base 9
3837
534 (base 7) to base 9
330
10020002 (base 4) to base 5
1020043
-14386 (base 9) to base 12
-5806
-45153 (base 8) to base 16
-4a6b
-354 (base 12) to base 13
-2c2
-3a7e (base 15) to base 10
-12494
What is -1210010211 (base 3) in base 16?
-8917
-484 (base 11) to base 6
-2400
7b7 (base 14) to base 11
1174
What is -1166 (base 7) in base 13?
-27b
What is 3315 (base 9) in base 5?
34234
-400621 (base 7) to base 9
-112571
What is 52422 (base 7) in base 2?
11001001100111
24523 (base 12) to base 6
1015243
Convert -55415 (base 6) to base 10.
-7715
What is -8b (b